 digit of 435959?
9
What is the units digit of 1496339?
9
What is the thousands digit of 459771?
9
What is the ten thousands digit of 1021362?
2
What is the tens digit of 820120?
2
What is the hundred thousands digit of 5865956?
8
What is the units digit of 216423?
3
What is the units digit of 567653?
3
What is the thousands digit of 879662?
9
What is the hundreds digit of 637371?
3
What is the hundreds digit of 615964?
9
What is the units digit of 1361322?
2
What is the ten thousands digit of 731527?
3
What is the units digit of 5659696?
6
What is the ten thousands digit of 380077?
8
What is the units digit of 232464?
4
What is the thousands digit of 978363?
8
What is the thousands digit of 4422558?
2
What is the hundred thousands digit of 3001417?
0
What is the thousands digit of 124950?
4
What is the tens digit of 8982678?
7
What is the tens digit of 6030204?
0
What is the ten thousands digit of 5757570?
5
What is the tens digit of 247504?
0
What is the ten thousands digit of 5753433?
5
What is the ten thousands digit of 128051?
2
What is the hundred thousands digit of 4228791?
2
What is the hundred thousands digit of 669093?
6
What is the tens digit of 9827848?
4
What is the units digit of 152825?
5
What is the hundred thousands digit of 197229?
1
What is the ten thousands digit of 4460520?
6
What is the hundreds digit of 129306?
3
What is the hundred thousands digit of 11422063?
4
What is the hundreds digit of 512016?
0
What is the hundreds digit of 681080?
0
What is the units digit of 184721?
1
What is the tens digit of 1038389?
8
What is the thousands digit of 1316472?
6
What is the thousands digit of 16478640?
8
What is the hundred thousands digit of 171002?
1
What is the hundred thousands digit of 5640828?
6
What is the units digit of 547400?
0
What is the ten thousands digit of 36076808?
7
What is the units digit of 6454286?
6
What is the units digit of 124946?
6
What is the ten thousands digit of 7733447?
3
What is the tens digit of 126859?
5
What is the units digit of 287291?
1
What is the ten thousands digit of 19890997?
9
What is the thousands digit of 352321?
2
What is the ten thousands digit of 7233090?
3
What is the millions digit of 24208037?
4
What is the units digit of 29636?
6
What is the ten millions digit of 13994645?
1
What is the thousands digit of 272152?
2
What is the ten thousands digit of 1751007?
5
What is the tens digit of 10576537?
3
What is the tens digit of 299317?
1
What is the units digit of 159416?
6
What is the units digit of 1324257?
7
What is the units digit of 1719359?
9
What is the hundreds digit of 472677?
6
What is the ten thousands digit of 1369872?
6
What is the tens digit of 296689?
8
What is the hundreds digit of 203504?
5
What is the units digit of 531923?
3
What is the thousands digit of 748001?
8
What is the millions digit of 3245766?
3
What is the tens digit of 9226760?
6
What is the hundreds digit of 865525?
5
What is the hundreds digit of 1426573?
5
What is the hundreds digit of 208193?
1
What is the hundred thousands digit of 2777332?
7
What is the hundred thousands digit of 6490463?
4
What is the ten thousands digit of 12582118?
8
What is the hundreds digit of 7201342?
3
What is the hundred thousands digit of 2775672?
7
What is the units digit of 749056?
6
What is the units digit of 843509?
9
What is the hundreds digit of 151328?
3
What is the millions digit of 3206717?
3
What is the hundreds digit of 105269?
2
What is the tens digit of 624831?
3
What is the millions digit of 5173765?
5
What is the millions digit of 1116917?
1
What is the units digit of 348696?
6
What is the tens digit of 212408?
0
What is the tens digit of 189093?
9
What is the hundreds digit of 17521608?
6
What is the hundred thousands digit of 273943?
2
What is the thousands digit of 8749?
8
What is the thousands digit of 1031956?
1
What is the ten millions digit of 12071937?
1
What is the hundreds digit of 179696?
6
What is the thousands digit of 609468?
9
What is the ten thousands digit of 5998361?
9
What is the millions digit of 20991840?
0
What is the tens digit of 131538?
3
What is the ten thousands digit of 927205?
2
What is the units digit of 253202?
2
What is the tens digit of 3144339?
3
What is the hundred thousands digit of 3674820?
6
What is the ten thousands digit of 312747?
1
What is the hundred thousands digit of 474671?
4
What is the thousands digit of 681907?
1
What is the tens digit of 638015?
1
What is the units digit of 2769228?
8
What is the units digit of 363370?
0
What is the millions digit of 1157154?
1
What is the tens digit of 40116?
1
What is the thousands digit of 12755983?
5
What is the ten thousands digit of 196914?
9
What is the units digit of 2971396?
6
What is the hundred thousands digit of 4500945?
5
What is the millions digit of 1645882?
1
What is the hundreds digit of 672980?
9
What is the hundred thousands digit of 3156569?
1
What is the ten thousands digit of 210531?
1
What is the tens digit of 346641?
4
What is the ten thousands digit of 14673641?
7
What is the thousands digit of 347727?
7
What is the hundred thousands digit of 1537199?
5
What is the ten thousands digit of 4103062?
0
What is the millions digit of 1486978?
1
What is the ten thousands digit of 99767?
9
What is the ten thousands digit of 9668642?
6
What is the hundreds digit of 17590970?
9
What is the tens digit of 10603075?
7
What is the thousands digit of 426449?
6
What is the millions digit of 3130421?
3
What is the hundreds digit of 207412?
4
What is the units digit of 408271?
1
What is the thousands digit of 2143323?
3
What is the thousands digit of 8155697?
5
What is the hundred thousands digit of 241418?
2
What is the thousands digit of 307010?
7
What is the hundreds digit of 9478600?
6
What is the units digit of 2648457?
7
What is the units digit of 2349716?
6
What is the ten thousands digit of 607852?
0
What is the hundreds digit of 95671?
6
What is the ten thousands digit of 225938?
2
What is the units digit of 176182?
2
What is the ten thousands digit of 91275?
9
What is the hundreds digit of 788428?
4
What is the tens digit of 764531?
3
What is the hundred thousands digit of 570551?
5
What is the units digit of 174356?
6
What is the thousands digit of 245843?
5
What is the units digit of 23993078?
8
What is the ten thousands digit of 841947?
4
What is the units digit of 587818?
8
What is the hundred thousands digit of 10569190?
5
What is the tens digit of 114237?
3
What is the units digit of 541725?
5
What is the tens digit of 6863556?
5
What is the units digit of 1279302?
2
What is the millions digit of 2219339?
2
What is the hundred thousands digit of 554140?
5
What is the thousands digit of 3249497?
9
What is the ten thousands digit of 268572?
6
What is the ten thousands digit of 527883?
2
What is the hundreds digit of 9455832?
8
What is the tens digit of 14022?
2
What is the tens digit of 750237?
3
What is the units digit of 215593?
3
What is the tens digit of 169064?
6
What is the thousands digit of 8247618?
7
What is the thousands digit of 197141?
7
What is the hundreds digit of 3536305?
3
What is the ten thousands digit of 290408?
9
What is the tens digit of 14385?
8
What is the thousands digit of 182156?
2
What is the ten thousands digit of 458323?
5
What is the units digit of 272888?
8
What is the units digit of 2210011?
1
What is the ten thousands digit of 363773?
6
What is the hundreds digit of 5353760?
7
What is the hundred thousands digit of 10501702?
5
What is the ten thousands digit of 1680807?
8
What is the tens digit of 1804103?
0
What is the hundreds digit of 103355?
3
What is the hundred thousands digit of 225525?
2
What is the hundred thousands digit of 434877?
4
What is the tens digit of 440570?
7
What is the millions digit of 5686225?
5
What is the thousands digit of 97748?
7
What is the units digit of 9218932?
2
What is the thousands digit of 295465?
5
What is the ten thousands digit of 4453220?
5
What is the ten thousands digit of 1107140?
0
What is the ten thousands digit of 2024768?
2
What is the thousands digit of 260280?
0
What is the millions digit of 1663482?
1
What is the tens digit of 53020?
2
What is the units digit of 653584?
4
What is the thousands digit of 6341893?
